digit of f(d)?
1
Let u(s) = 67*s - 1. Let l(x) = 336*x - 6. Let j(c) = 2*l(c) - 11*u(c). Let i be j(-2). Suppose 49 = -2*d + i. What is the units digit of d?
0
Let y(w) = w**3 - 13*w**2 + w + 14. Let z be (-1 - -1) + (-120)/(-15). Suppose z*h - 65 = 3*h. What is the tens digit of y(h)?
2
Let q = -892 + 1028. What is the hundreds digit of q?
1
Suppose -261*f = -256*f - 4440. What is the hundreds digit of f?
8
Let d = 1550 - 891. What is the units digit of d?
9
Let i = 690 + 808. What is the thousands digit of i?
1
Let a = -16 + 24. Suppose -28 = 2*w - 4*w - 3*t, -4*t + a = 0. Suppose u - w = -1. What is the tens digit of u?
1
Let z = -22 + 12. Let l = z + 15. What is the units digit of 2 + (-1 - 2) + l?
4
Suppose 2*x - 7*x = -3*x. Suppose -4*b - 3*k + 497 = x, 4*k + 476 = 4*b - 0*k. What is the units digit of b?
2
Let y(m) = -48*m - 18. Let x be y(-27). Suppose x = 9*i - 315. What is the units digit of i?
7
Let f = -173 - -309. Let q = f - -26. Suppose -q = -6*z + 3*z. What is the units digit of z?
4
Suppose 3*b - 2*p - 4485 = 0, -4*p + 653 = -b + 2158. What is the thousands digit of b?
1
Suppose -15 = -3*y - 12, -2*j - 4*y + 5676 = 0. What is the thousands digit of j?
2
Suppose 3*k + 410 = 8*k. Suppose -3*f - k = -4*b, 5*f = 7*b - 3*b - 86. What is the units digit of 6/(-3) + 2*b?
6
Suppose f - 3995 = 2*i, 5*f - i - 13691 = 6329. What is the tens digit of f?
0
Let f(k) = k**3 - 3*k**2 + 3*k - 1. Let y be (-4)/(-16) - (-14)/8. Suppose 4*h - 18 = -5*n, y*h - 13 + 5 = -2*n. What is the units digit of f(n)?
1
Let g = -1387 - -3126. What is the thousands digit of g?
1
Suppose -3*u + 4*o + 3054 = 0, -6*o + o - 1029 = -u. What is the thousands digit of u?
1
Let g be 0*(-4 + (4 - -1)). Suppose g = -2*l + 170. What is the units digit of l?
5
Let z(p) = -6*p**3 - 6*p**2 - 5*p + 5. Let g(c) = -c**3 + 1. Let i(h) = 5*g(h) - z(h). Let m be i(-6). What is the units digit of m/8*(-16)/3?
0
Let q(m) be the second derivative of -m**5/20 + 3*m**4/4 + 2*m**2 + 17*m. Let n(w) = -w**3 - 5*w**2 - w + 4. Let y be n(-5). What is the units digit of q(y)?
4
Suppose 0 = -y + 4*i - 6, -2*y - 3*i = -4*i - 2. Suppose y*m = 6*m. Suppose m = l + 8 - 46. What is the units digit of l?
8
Let a = -65 - -67. Suppose 0*v - 448 = -a*n + v, 0 = -4*n + 5*v + 884. What is the units digit of n?
6
Let j(c) = c**3 - 17*c**2 - c + 22. What is the units digit of j(17)?
5
Suppose -1445 + 29 = -4*m. Let p = m - 147. What is the tens digit of p?
0
What is the tens digit of (717 + (7 - -3))*2?
5
Let u = 38 - 40. What is the units digit of (0 - -2) + u + 6 + 85?
1
Suppose 6*c - c = 3*d - 30, 0 = 4*d - c - 23. Suppose 54 = s - n, -n + d*n + 266 = 5*s. What is the units digit of s?
0
Let n be (-197)/5 + (-6)/10. Let q = -81 - n. Let j = q + 60. What is the tens digit of j?
1
Let o = -676 + 926. What is the units digit of o?
0
Let c be ((-56)/20)/((-4)/60). Suppose -4*a - 3*d + 0*d = 56, 3*a - 4*d = -c. Let w = 18 + a. What is the units digit of w?
4
What is the tens digit of 239382/486 - -1*(-8)/(-18)?
9
Suppose 0 = 2*m - 5*m. Suppose m = k + 2*k - 3. What is the units digit of 25/1 + (1 - k)?
5
Let f(u) = 942*u - 693. What is the hundreds digit of f(4)?
0
Suppose -25*x = -5333 - 4492. What is the tens digit of x?
9
Let a be 3 + (0 - 3) + 2. Let t = a + 4. Suppose 2*d = -3*h + t*h - 20, 4*d = -h + 30. What is the units digit of h?
0
Let d be (0/3)/((-2)/2). Let b(p) = p**3 - p + 10. What is the tens digit of b(d)?
1
Let v(f) = -f**2 - 17*f - 3. Suppose w + 5 = -2. What is the tens digit of v(w)?
6
Let a = -16 - -9. Let p(b) = -b**3 - 6*b**2 + 5*b - 8. What is the units digit of p(a)?
6
Let s = 458 + -446. What is the tens digit of s?
1
What is the tens digit of (11583/(-78))/((-6)/136)?
6
Let v(c) = 50*c - 3. Let n be ((-6 - -7) + -4)/((-3)/2). What is the tens digit of v(n)?
9
Let p(z) = -z + 1. Let h(i) = -8. Let d(w) = 2*h(w) - 14*p(w). What is the tens digit of d(5)?
4
Suppose 6*a + 531 = -2523. Let x = 808 + a. What is the units digit of x?
9
What is the hundreds digit of 6/(-8) + -5055*(-1)/4?
2
Let b = 2256 + -937. What is the thousands digit of b?
1
Let p(m) = m**3 + 18*m**2 + 3*m - 16. Let g be p(-18). Let j = 219 + g. What is the units digit of j?
9
Suppose -4*f + g = -f - 103, 0 = -f - 2*g + 39. What is the units digit of f?
5
Let l(m) = -m**3 + 27*m**2 + 32*m + 50. What is the units digit of l(24)?
6
Let x = -27 - -31. Suppose x*h + 159 = 7*h. What is the units digit of h?
3
Let a = 99 + -184. Let x = -8 - a. What is the units digit of x?
7
Let v(u) = -2*u**3 - 5*u**2 - u + 3. Let b be v(-6). Suppose -b = -15*h + 12*h. Suppose -5*f + h = -83. What is the tens digit of f?
3
Let z be -3 - (-7)/2*94. Suppose 0 = -2*y + z + 406. Suppose k - y = -5*k. What is the units digit of k?
1
Let h be ((-68)/(-3))/((-6)/9). Let c(a) = -20*a**2 + a + 1. Let j be c(-1). Let m = j - h. What is the units digit of m?
4
Suppose 4*n = -f + 847 + 1501, -5*n + 5*f = -2935. What is the units digit of n?
7
Let o(j) = -j**2 + 8*j - 6. Let m be o(6). Suppose 6*b = m - 0. What is the units digit of -3 + 48*1/b?
5
Suppose -18*s + 58*s = 3000. What is the tens digit of s?
7
Suppose -11050 = 7*q - 12*q + 5*i, 0 = 4*i + 4. What is the thousands digit of q?
2
Let d(y) = -2*y + 44. Let j be d(19). Suppose -j = 6*q + 6. What is the tens digit of (4/(-3))/(q/102)?
6
Suppose 16*a - 13*a = -3*m + 6360, 4*a - m = 8465. What is the hundreds digit of a?
1
Let c be ((-6)/(-9))/(1/189). Suppose 0 = 4*y - c - 38. What is the tens digit of y?
4
Let k = 173 - -1433. What is the units digit of k?
6
Suppose -2*h - 64 = -3*w - w, 2*w = 3*h + 36. Let u be (-90)/(-25) + 6/w. Suppose -u*d = d - 40. What is the units digit of d?
8
Let l(u) = -18*u - 9. Let i be l(4). Let b be (-3663)/i + 2/(-9). Suppose -2*a - 2*y + 40 = 0, 0 = 2*a + 3*y - 2*y - b. What is the units digit of a?
5
Suppose 9*a = 403 + 695. Suppose a + 104 = 2*n. What is the hundreds digit of n?
1
Let o = 10 + -4. Suppose o*w - 5*w = 0. What is the tens digit of (2 - w)*(-247)/(-26)?
1
Let l(u) = -3*u + 11*u**2 + 238 + 239 - 475 + u**3. What is the units digit of l(-7)?
9
Suppose -3*c + 26 = 11. Suppose 3*m - 5*r - 29 = 0, -3*m + 19 = -0*m + 5*r. Suppose c*u - m = 22. What is the units digit of u?
6
Let s be 20/50 + 2/(-10)*-8. Suppose 3*k = -2*t + 111, s*k + 0*k = -3*t + 169. What is the tens digit of t?
5
Suppose y = -y + 10. Let n be 3*y/((-25)/(-5)). Suppose 5*k + 0*m + n*m - 154 = 0, 0 = 3*k - m - 84. What is the units digit of k?
9
What is the units digit of 86 + -88 - (-3519 + -1 + -2)?
0
Suppose -2*k + 350 = 3*k. Let l = 34 + 16. Let s = k - l. What is the units digit of s?
0
Suppose 5*n = -3*a + 5, 5*a + 23 = 4*n - 18. Suppose -n*g = 4*m - 1378 + 446, 239 = g - m. What is the units digit of g?
6
Let s(q) = 2*q**2 + q + 2. Let v be s(-5). Suppose 166 = 5*d - o, d + 4*o - v = 3. What is the units digit of (-6 - -9)/(6/d)?
7
Let j be 50*2 + 16 + -13. Let p = j - 56. What is the units digit of p?
7
Let s(w) = 14*w**2 + 3*w - 7. What is the units digit of s(7)?
0
Let j be 10/(-8) + (-1)/(12/(-3)). What is the units digit of 4/j + 1 - -167?
4
Let d(m) = m**3 + 9*m**2 - 13*m - 8. Suppose -1 - 3 = 2*s - 4*i, -13 = -4*s + i. Suppose 0 = z + s*z + 50. What is the units digit of d(z)?
2
What is the hundreds digit of ((-3834)/4)/((-34)/68)?
9
Suppose -2*v + 4 = -6*v. Let t be 96/10 + -2 + 4/10. Let d = t + v. What is the units digit of d?
7
Suppose 3*u - 1536 = 4*b - 8*b, -4*u = b - 2048. What is the hundreds digit of u?
5
Let r(n) = 654*n**3 - 3*n**2 - 47*n + 94. What is the hundreds digit of r(2)?
2
Suppose 2*w = 3*k + 843, -3*w + 218 = -4*k - 1049. What is the units digit of w?
9
Let p(b) = b + 1. Let t = -16 - -19. Let c(u) = -27*u - 2. Let q(y) = t*p(y) + c(y). What is the tens digit of q(-1)?
2
Suppose 117 = 6*t - 1173. Let d = t - 104. What is the units digit of d?
1
Suppose 0 = 6*f - 2825 - 3973. What is the thousands digit of f?
1
Let z be (-1 - -1)/2 - -63. Let q = 77 + -114. Let g = z + q. What is the tens digit of g?
2
Suppose 0 = 7*d + 4*d - 66. What is the hundreds digit of 447/d*(-2 - -4)?
1
Suppose 16 = 4*p, -7*p = 3*g - 3*p - 1615. What is the hundreds digit of g?
5
Suppose 4*h - 6 = 3*y, 4*y - 1 + 2 = 3*h. Let z(w) = -w**3 + w**2 + 2*w + 2. Let j be z(0)